{"id":24,"date":"2025-08-28T22:30:57","date_gmt":"2025-08-28T20:30:57","guid":{"rendered":"https:\/\/agorapod.com\/momentovermu\/?page_id=24"},"modified":"2025-09-04T13:18:31","modified_gmt":"2025-09-04T11:18:31","slug":"quienes-somos","status":"publish","type":"page","link":"https:\/\/agorapod.com\/momentovermu\/quienes-somos\/","title":{"rendered":"Quienes somos"},"content":{"rendered":"\n<p class=\"has-medium-font-size\" style=\"font-style:normal;font-weight:400\">Somos&nbsp;<strong>Miguel \u00c1ngel y Roc\u00edo<\/strong>, las voces detr\u00e1s de&nbsp;<em>Momento Verm\u00fa<\/em>.<\/p>\n\n\n\n<p class=\"has-medium-font-size\" style=\"font-style:normal;font-weight:400\"><\/p>\n\n\n\n<p class=\"has-medium-font-size\" style=\"font-style:normal;font-weight:400\">Miguel \u00c1ngel comenz\u00f3 en el mundo del podcasting en 2012 con proyectos como\u00a0<em>Divagaciones Tecnol\u00f3gicas<\/em>,\u00a0<em>Talk Away<\/em>\u00a0o\u00a0<em>Paseando Podcast<\/em>. Tras unos a\u00f1os alejado de los micr\u00f3fonos, y con el \u00e1nimo y compa\u00f1\u00eda Roc\u00edo, ha vuelto a grabar encarg\u00e1ndose de la parte t\u00e9cnica: grabaci\u00f3n, edici\u00f3n y publicaci\u00f3n.<\/p>\n\n\n\n<p class=\"has-medium-font-size\" style=\"font-style:normal;font-weight:400\"><\/p>\n\n\n\n<p class=\"has-medium-font-size\" style=\"font-style:normal;font-weight:400\">Roc\u00edo es la ide\u00f3loga de este proyecto. Aunque es nueva en el podcasting, es experta en marketing y comunicaci\u00f3n, y fue quien anim\u00f3 a Miguel \u00c1ngel a volver a grabar. Ella prepara los temas, motiva las conversaciones y pone el contrapunto necesario para que todo fluya.<\/p>\n\n\n\n<p class=\"has-medium-font-size\" style=\"font-style:normal;font-weight:400\"><\/p>\n\n\n\n<p class=\"has-medium-font-size\" style=\"font-style:normal;font-weight:400\"><em>Momento Verm\u00fa<\/em>&nbsp;es un podcast relajado y cercano en el que hablamos con humor y espontaneidad sobre la vida cotidiana y las curiosidades de la semana. Tocamos temas variados, pero dejamos a un lado pol\u00edtica y religi\u00f3n para centrarnos en lo que realmente nos gusta: entretener, compartir y aprender juntos, siempre con un toque de gracia.<\/p>\n\n\n\n<p class=\"has-medium-font-size\" style=\"font-style:normal;font-weight:400\"><\/p>\n\n\n\n<p class=\"has-medium-font-size\" style=\"font-style:normal;font-weight:400\">Aunque naci\u00f3 sin grandes pretensiones, nuestro objetivo es claro:\u00a0informar y entretener.\u00a0Queremos que escucharnos sea como compartir un verm\u00fa con amigos: un rato ameno, divertido y con un punto did\u00e1ctico.<\/p>\n\n\n\n<p><\/p>\n\n\n\n<p class=\"has-medium-font-size\">Nos hace ilusi\u00f3n crear una\u00a0comunidad de oyentes\u00a0con intereses afines, que participe, comparta temas y, en alg\u00fan momento, incluso se sume a nuestras conversaciones.<\/p>\n","protected":false},"excerpt":{"rendered":"<p>Somos&nbsp;Miguel \u00c1ngel y Roc\u00edo, las voces detr\u00e1s de&nbsp;Momento Verm\u00fa. Miguel \u00c1ngel comenz\u00f3 en el mundo del podcasting en 2012 con proyectos como\u00a0Divagaciones Tecnol\u00f3gicas,\u00a0Talk Away\u00a0o\u00a0Paseando Podcast. Tras unos a\u00f1os alejado de los micr\u00f3fonos, y con el \u00e1nimo y compa\u00f1\u00eda Roc\u00edo, ha vuelto a grabar encarg\u00e1ndose de la parte t\u00e9cnica: grabaci\u00f3n, edici\u00f3n y publicaci\u00f3n. Roc\u00edo es la [&hellip;]<\/p>\n","protected":false},"author":1,"featured_media":0,"parent":0,"menu_order":0,"comment_status":"closed","ping_status":"closed","template":"","meta":{"_uag_custom_page_level_css":"","footnotes":""},"class_list":["post-24","page","type-page","status-publish","hentry"],"yoast_head":"<!-- This site is optimized with the Yoast SEO plugin v26.1.1 - https:\/\/yoast.com\/wordpress\/plugins\/seo\/ -->\n<title>Quienes somos - Momento Verm\u00fa Podcast<\/title>\n<meta name=\"robots\" content=\"index, follow, max-snippet:-1, max-image-preview:large, max-video-preview:-1\" \/>\n<link rel=\"canonical\" href=\"https:\/\/agorapod.com\/momentovermu\/quienes-somos\/\" \/>\n<meta property=\"og:locale\" content=\"es_ES\" \/>\n<meta property=\"og:type\" content=\"article\" \/>\n<meta property=\"og:title\" content=\"Quienes somos - Momento Verm\u00fa Podcast\" \/>\n<meta property=\"og:description\" content=\"Somos&nbsp;Miguel \u00c1ngel y Roc\u00edo, las voces detr\u00e1s de&nbsp;Momento Verm\u00fa. Miguel \u00c1ngel comenz\u00f3 en el mundo del podcasting en 2012 con proyectos como\u00a0Divagaciones Tecnol\u00f3gicas,\u00a0Talk Away\u00a0o\u00a0Paseando Podcast. Tras unos a\u00f1os alejado de los micr\u00f3fonos, y con el \u00e1nimo y compa\u00f1\u00eda Roc\u00edo, ha vuelto a grabar encarg\u00e1ndose de la parte t\u00e9cnica: grabaci\u00f3n, edici\u00f3n y publicaci\u00f3n. Roc\u00edo es la [&hellip;]\" \/>\n<meta property=\"og:url\" content=\"https:\/\/agorapod.com\/momentovermu\/quienes-somos\/\" \/>\n<meta property=\"og:site_name\" content=\"Momento Verm\u00fa Podcast\" \/>\n<meta property=\"article:modified_time\" content=\"2025-09-04T11:18:31+00:00\" \/>\n<meta name=\"twitter:card\" content=\"summary_large_image\" \/>\n<meta name=\"twitter:label1\" content=\"Tiempo de lectura\" \/>\n\t<meta name=\"twitter:data1\" content=\"1 minuto\" \/>\n<script type=\"application\/ld+json\" class=\"yoast-schema-graph\">{\"@context\":\"https:\/\/schema.org\",\"@graph\":[{\"@type\":\"WebPage\",\"@id\":\"https:\/\/agorapod.com\/momentovermu\/quienes-somos\/\",\"url\":\"https:\/\/agorapod.com\/momentovermu\/quienes-somos\/\",\"name\":\"Quienes somos - Momento Verm\u00fa Podcast\",\"isPartOf\":{\"@id\":\"https:\/\/agorapod.com\/momentovermu\/#website\"},\"datePublished\":\"2025-08-28T20:30:57+00:00\",\"dateModified\":\"2025-09-04T11:18:31+00:00\",\"breadcrumb\":{\"@id\":\"https:\/\/agorapod.com\/momentovermu\/quienes-somos\/#breadcrumb\"},\"inLanguage\":\"es\",\"potentialAction\":[{\"@type\":\"ReadAction\",\"target\":[\"https:\/\/agorapod.com\/momentovermu\/quienes-somos\/\"]}]},{\"@type\":\"BreadcrumbList\",\"@id\":\"https:\/\/agorapod.com\/momentovermu\/quienes-somos\/#breadcrumb\",\"itemListElement\":[{\"@type\":\"ListItem\",\"position\":1,\"name\":\"Portada\",\"item\":\"https:\/\/agorapod.com\/momentovermu\/\"},{\"@type\":\"ListItem\",\"position\":2,\"name\":\"Quienes somos\"}]},{\"@type\":\"WebSite\",\"@id\":\"https:\/\/agorapod.com\/momentovermu\/#website\",\"url\":\"https:\/\/agorapod.com\/momentovermu\/\",\"name\":\"Momento Verm\u00fa Podcast\",\"description\":\"Momento Verm\u00fa es un podcast relajado y cercano en el que encontrar\u00e1s humor, conversaciones espont\u00e1neas y temas variados de la vida cotidiana.\",\"potentialAction\":[{\"@type\":\"SearchAction\",\"target\":{\"@type\":\"EntryPoint\",\"urlTemplate\":\"https:\/\/agorapod.com\/momentovermu\/?s={search_term_string}\"},\"query-input\":{\"@type\":\"PropertyValueSpecification\",\"valueRequired\":true,\"valueName\":\"search_term_string\"}}],\"inLanguage\":\"es\"}]}<\/script>\n<!-- \/ Yoast SEO plugin. -->","yoast_head_json":{"title":"Quienes somos - Momento Verm\u00fa Podcast","robots":{"index":"index","follow":"follow","max-snippet":"max-snippet:-1","max-image-preview":"max-image-preview:large","max-video-preview":"max-video-preview:-1"},"canonical":"https:\/\/agorapod.com\/momentovermu\/quienes-somos\/","og_locale":"es_ES","og_type":"article","og_title":"Quienes somos - Momento Verm\u00fa Podcast","og_description":"Somos&nbsp;Miguel \u00c1ngel y Roc\u00edo, las voces detr\u00e1s de&nbsp;Momento Verm\u00fa. Miguel \u00c1ngel comenz\u00f3 en el mundo del podcasting en 2012 con proyectos como\u00a0Divagaciones Tecnol\u00f3gicas,\u00a0Talk Away\u00a0o\u00a0Paseando Podcast. Tras unos a\u00f1os alejado de los micr\u00f3fonos, y con el \u00e1nimo y compa\u00f1\u00eda Roc\u00edo, ha vuelto a grabar encarg\u00e1ndose de la parte t\u00e9cnica: grabaci\u00f3n, edici\u00f3n y publicaci\u00f3n. Roc\u00edo es la [&hellip;]","og_url":"https:\/\/agorapod.com\/momentovermu\/quienes-somos\/","og_site_name":"Momento Verm\u00fa Podcast","article_modified_time":"2025-09-04T11:18:31+00:00","twitter_card":"summary_large_image","twitter_misc":{"Tiempo de lectura":"1 minuto"},"schema":{"@context":"https:\/\/schema.org","@graph":[{"@type":"WebPage","@id":"https:\/\/agorapod.com\/momentovermu\/quienes-somos\/","url":"https:\/\/agorapod.com\/momentovermu\/quienes-somos\/","name":"Quienes somos - Momento Verm\u00fa Podcast","isPartOf":{"@id":"https:\/\/agorapod.com\/momentovermu\/#website"},"datePublished":"2025-08-28T20:30:57+00:00","dateModified":"2025-09-04T11:18:31+00:00","breadcrumb":{"@id":"https:\/\/agorapod.com\/momentovermu\/quienes-somos\/#breadcrumb"},"inLanguage":"es","potentialAction":[{"@type":"ReadAction","target":["https:\/\/agorapod.com\/momentovermu\/quienes-somos\/"]}]},{"@type":"BreadcrumbList","@id":"https:\/\/agorapod.com\/momentovermu\/quienes-somos\/#breadcrumb","itemListElement":[{"@type":"ListItem","position":1,"name":"Portada","item":"https:\/\/agorapod.com\/momentovermu\/"},{"@type":"ListItem","position":2,"name":"Quienes somos"}]},{"@type":"WebSite","@id":"https:\/\/agorapod.com\/momentovermu\/#website","url":"https:\/\/agorapod.com\/momentovermu\/","name":"Momento Verm\u00fa Podcast","description":"Momento Verm\u00fa es un podcast relajado y cercano en el que encontrar\u00e1s humor, conversaciones espont\u00e1neas y temas variados de la vida cotidiana.","potentialAction":[{"@type":"SearchAction","target":{"@type":"EntryPoint","urlTemplate":"https:\/\/agorapod.com\/momentovermu\/?s={search_term_string}"},"query-input":{"@type":"PropertyValueSpecification","valueRequired":true,"valueName":"search_term_string"}}],"inLanguage":"es"}]}},"uagb_featured_image_src":{"full":false,"thumbnail":false,"medium":false,"medium_large":false,"large":false,"1536x1536":false,"2048x2048":false,"audio-podcast-homepage-thumb":false},"uagb_author_info":{"display_name":"momentovermu@gmail.com","author_link":"https:\/\/agorapod.com\/momentovermu\/author\/momentovermugmail-com\/"},"uagb_comment_info":0,"uagb_excerpt":"Somos&nbsp;Miguel \u00c1ngel y Roc\u00edo, las voces detr\u00e1s de&nbsp;Momento Verm\u00fa. Miguel \u00c1ngel comenz\u00f3 en el mundo del podcasting en 2012 con proyectos como\u00a0Divagaciones Tecnol\u00f3gicas,\u00a0Talk Away\u00a0o\u00a0Paseando Podcast. Tras unos a\u00f1os alejado de los micr\u00f3fonos, y con el \u00e1nimo y compa\u00f1\u00eda Roc\u00edo, ha vuelto a grabar encarg\u00e1ndose de la parte t\u00e9cnica: grabaci\u00f3n, edici\u00f3n y publicaci\u00f3n. Roc\u00edo es la&hellip;","_links":{"self":[{"href":"https:\/\/agorapod.com\/momentovermu\/wp-json\/wp\/v2\/pages\/24","targetHints":{"allow":["GET"]}}],"collection":[{"href":"https:\/\/agorapod.com\/momentovermu\/wp-json\/wp\/v2\/pages"}],"about":[{"href":"https:\/\/agorapod.com\/momentovermu\/wp-json\/wp\/v2\/types\/page"}],"author":[{"embeddable":true,"href":"https:\/\/agorapod.com\/momentovermu\/wp-json\/wp\/v2\/users\/1"}],"replies":[{"embeddable":true,"href":"https:\/\/agorapod.com\/momentovermu\/wp-json\/wp\/v2\/comments?post=24"}],"version-history":[{"count":38,"href":"https:\/\/agorapod.com\/momentovermu\/wp-json\/wp\/v2\/pages\/24\/revisions"}],"predecessor-version":[{"id":145,"href":"https:\/\/agorapod.com\/momentovermu\/wp-json\/wp\/v2\/pages\/24\/revisions\/145"}],"wp:attachment":[{"href":"https:\/\/agorapod.com\/momentovermu\/wp-json\/wp\/v2\/media?parent=24"}],"curies":[{"name":"wp","href":"https:\/\/api.w.org\/{rel}","templated":true}]}}